473?
3
What is the thousands digit of 6276?
6
What is the tens digit of 125245?
4
What is the hundreds digit of 1510?
5
What is the tens digit of 21025?
2
What is the ten thousands digit of 55674?
5
What is the thousands digit of 8363?
8
What is the units digit of 12072?
2
What is the units digit of 1163?
3
What is the thousands digit of 94698?
4
What is the units digit of 9746?
6
What is the thousands digit of 3281?
3
What is the hundreds digit of 12739?
7
What is the hundreds digit of 80408?
4
What is the hundreds digit of 164?
1
What is the thousands digit of 25329?
5
What is the units digit of 27929?
9
What is the tens digit of 914?
1
What is the units digit of 41430?
0
What is the tens digit of 1384?
8
What is the units digit of 39539?
9
What is the tens digit of 61243?
4
What is the ten thousands digit of 48083?
4
What is the units digit of 31620?
0
What is the hundreds digit of 35830?
8
What is the ten thousands digit of 15210?
1
What is the tens digit of 768?
6
What is the ten thousands digit of 19261?
1
What is the tens digit of 4541?
4
What is the hundreds digit of 140927?
9
What is the hundreds digit of 1128?
1
What is the hundreds digit of 296?
2
What is the hundreds digit of 604?
6
What is the thousands digit of 2104?
2
What is the thousands digit of 30171?
0
What is the units digit of 24146?
6
What is the tens digit of 18058?
5
What is the units digit of 301?
1
What is the hundreds digit of 6670?
6
What is the hundreds digit of 112564?
5
What is the tens digit of 15561?
6
What is the ten thousands digit of 13106?
1
What is the thousands digit of 1949?
1
What is the thousands digit of 25615?
5
What is the hundreds digit of 1691?
6
What is the units digit of 46143?
3
What is the units digit of 1967?
7
What is the units digit of 193106?
6
What is the hundreds digit of 162919?
9
What is the units digit of 1468?
8
What is the units digit of 782?
2
What is the units digit of 4825?
5
What is the tens digit of 134?
3
What is the thousands digit of 3728?
3
What is the units digit of 22850?
0
What is the units digit of 57586?
6
What is the thousands digit of 5581?
5
What is the ten thousands digit of 40777?
4
What is the ten thousands digit of 21719?
2
What is the thousands digit of 1537?
1
What is the thousands digit of 5919?
5
What is the tens digit of 1543?
4
What is the hundreds digit of 14149?
1
What is the hundreds digit of 1150?
1
What is the thousands digit of 99940?
9
What is the ten thousands digit of 17414?
1
What is the thousands digit of 4460?
4
What is the tens digit of 23833?
3
What is the tens digit of 77?
7
What is the tens digit of 117420?
2
What is the units digit of 31558?
8
What is the tens digit of 398?
9
What is the units digit of 846?
6
What is the tens digit of 646?
4
What is the tens digit of 2239?
3
What is the thousands digit of 6310?
6
What is the units digit of 720?
0
What is the hundreds digit of 4014?
0
What is the ten thousands digit of 46461?
4
What is the thousands digit of 2643?
2
What is the thousands digit of 3615?
3
What is the hundreds digit of 2312?
3
What is the tens digit of 59445?
4
What is the units digit of 3296?
6
What is the tens digit of 6047?
4
What is the hundreds digit of 24454?
4
What is the ten thousands digit of 26281?
2
What is the units digit of 60272?
2
What is the tens digit of 723?
2
What is the hundreds digit of 5307?
3
What is the thousands digit of 2794?
2
What is the tens digit of 2892?
9
What is the hundreds digit of 598?
5
What is the tens digit of 1887?
8
What is the hundreds digit of 295?
2
What is the units digit of 950?
0
What is the hundreds digit of 6354?
3
What is the units digit of 8183?
3
What is the units digit of 381?
1
What is the units digit of 1168?
8
What is the ten thousands digit of 28851?
2
What is the thousands digit of 1167?
1
What is the thousands digit of 43133?
3
What is the hundreds digit of 1422?
4
What is the units digit of 4210?
0
What is the tens digit of 51?
5
What is the thousands digit of 6446?
6
What is the units digit of 21330?
0
What is the ten thousands digit of 23103?
2
What is the thousands digit of 2612?
2
What is the tens digit of 1030?
3
What is the ten thousands digit of 23982?
2
What is the thousands digit of 34296?
4
What is the units digit of 1771?
1
What is the thousands digit of 34205?
4
What is the thousands digit of 61210?
1
What is the units digit of 4066?
6
What is the hundreds digit of 131?
1
What is the hundreds digit of 15467?
4
What is the tens digit of 4104?
0
What is the thousands digit of 1337?
1
What is the tens digit of 22432?
3
What is the units digit of 65215?
5
What is the hundreds digit of 2335?
3
What is the hundreds digit of 1108?
1
What is the ten thousands digit of 51931?
5
What is the thousands digit of 39311?
9
What is the thousands digit of 5178?
5
What is the thousands digit of 4019?
4
What is the units digit of 790?
0
What is the tens digit of 2941?
4
What is the units digit of 7513?
3
What is the units digit of 915?
5
What is the units digit of 15512?
2
What is the ten thousands digit of 66539?
6
What is the thousands digit of 1566?
1
What is the ten thousands digit of 40658?
4
What is the hundreds digit of 13239?
2
What is the thousands digit of 7978?
7
What is the thousands digit of 5652?
5
What is the tens digit of 695?
9
What is the units digit of 994?
4
What is the hundreds digit of 665?
6
What is the tens digit of 109?
0
What is the units digit of 3147?
7
What is the hundreds digit of 5500?
5
What is the ten thousands digit of 10992?
1
What is the hundreds digit of 12411?
4
What is the tens digit of 310?
1
What is the ten thousands digit of 12095?
1
What is the units digit of 9159?
9
What is the hundreds digit of 106758?
7
What is the tens digit of 1585?
8
What is the thousands digit of 17904?
7
What is the thousands digit of 13333?
3
What is the hundreds digit of 5586?
5
What is the tens digit of 1026?
2
What is the thousands digit of 4515?
4
What is the tens digit of 2806?
0
What is the hundreds digit of 22081?
0
What is the tens digit of 1851?
5
What is the hundreds digit of 755?
7
What is the thousands digit of 1184?
1
What is the tens digit of 2782?
8
What is the thousands digit of 1000?
1
What is the tens digit of 1509?
0
What is the tens digit of 42563?
6
What is the tens digit of 208?
0
What is the thousands digit of 4418?
4
What is the tens digit of 12619?
1
What is the tens digit of 514?
1
What is the thousands digit of 1050?
1
What is the tens digit of 59?
5
What is the thousands digit of 3037?
3
What is the tens digit of 573?
7
What is the tens digit of 8966?
6
What is the thousands digit of 3551?
3
What is the hundreds digit of 4922?
9
What is the units digit of 629?
9
What is the hundreds digit of 7599?
5
What is the hundreds digit of 5084?
0
What is the units digit of 3769?
9
What is the tens digit of 1331?
3
What is the tens digit of 1123?
2
What is the hundreds digit of 278?
2
What is the units digit of 8975?
5
What is the tens digit of 9577?
7
What is the hundreds digit of 5637?
6
What is the hundreds digit of 75942?
9
What is the hundreds digit of 10134?
1
What is the units digit of 491?
1
What is the units digit of 79573?
3
What is the hundreds digit of 1938?
9
What is the tens digit of 16854?
5
What is the units digit of 320?
0
What is the tens digit of 643?
4
What is the hundreds digit of 7109?
1
What is the tens digit of 47045?
4
What is the hundreds digit of 4626?
6
What is the ten thousands digit of 63587?
6
What is the units digit of 352?
2
What is the units digit of 4773?
3
What is the hundreds digit of 2457?
4
What is the ten thousands digit of 10638?
1
What is the hundreds digit of 3634?
6
What is the tens digit of 16472?
7
What is the tens digit of 552?
5
What is the hundreds digit of 32289?
2
What is the tens digit of 2201?
0
What is the hundreds digit of 1903?
9
What is the tens digit of 22519?
1
What is the units digit of 6100?
0
What is the thousands digit of 12298?
2
What is the hundreds digit of 3789?
7
What is the hundreds digit of 541?
5
What is the hundreds digit of 42861?
8
What is the thousands digit of 9321?
9
What is the units digit of 48056?
6
What is the tens digit of 2596?
9
What is the ten thousands digit of 11781?
1
What is the units digit of 13